. What is the units digit of b(c)?
9
What is the ten thousands digit of (-2691)/(-1)*1314/(-36)*2/(-3)?
6
Let c(u) = -268*u + 2124. What is the units digit of c(-10)?
4
What is the ten thousands digit of (-7 - -2)*(-296961)/105?
1
Let r(c) = 2484*c**2 - 352*c + 1741. What is the tens digit of r(5)?
8
Let w(u) be the second derivative of 1/6*u**3 + 12*u**2 + 4*u + 0. What is the units digit of w(0)?
4
Suppose -2*o - 5 = 3*o. Let s be -2*(21/(-6) - o). Suppose -520 = -s*z + 5*f, z + 5*f = 36 + 44. What is the hundreds digit of z?
1
Let g(t) = -657*t + 38. Let a be g(-1). Suppose 0 = -217*q + 222*q - a. What is the tens digit of q?
3
Suppose -22*o + 23*o - 1600 = -3*k, -k + 3*o = -550. Let l = -463 + k. What is the units digit of l?
2
Let j(r) be the first derivative of -r**2/2 - 25*r + 17. Let z be j(-24). What is the units digit of z/(8/(-4)*(-2)/(-4))?
1
Let x(w) = 10*w**2 - 95*w + 151. What is the tens digit of x(31)?
1
Suppose 0 = -6*f + f + t - 1088, -2*f = 5*t + 419. Let o be 4*(-25)/(-20) + -132. Let y = o - f. What is the tens digit of y?
9
What is the hundreds digit of (2/(-8)*-2)/((-2)/(-48312))?
0
Let n(k) = 9*k**2 + 3*k - 12. Let f be n(3). Let g = f + -75. Suppose 0 = 2*d - g*d + 5*c + 112, 0 = 5*d - 3*c - 670. What is the units digit of d?
7
Let n = 9175 - 6444. What is the thousands digit of n?
2
Let d(r) = r**3 + 4*r**2 - 23*r. Let s be (-48)/9*(-1)/6*9. What is the hundreds digit of d(s)?
5
Let y = 153 - 151. Suppose y - 578 = -3*z. What is the units digit of z?
2
Suppose -3*x - 3*f + 4635 = 0, 5701 + 483 = 4*x + 5*f. Suppose -4*q - 5269 + x = -4*v, q = 5*v - 4640. What is the tens digit of v?
2
Let m(p) = -900*p - 327. What is the hundreds digit of m(-9)?
7
Let l(q) = -17822*q + 17743*q - 221 + 17. What is the thousands digit of l(-23)?
1
Let c be (-6)/(78/(-143))*(-4)/(-22). What is the units digit of 594622/378 + c/(-27)?
3
Suppose 49112 = 2*u + 3*u - 66353. What is the thousands digit of u?
3
Suppose 7170 + 7779 = 11*q. Suppose -j - 237 = -2*o + q, o - 4*j - 784 = 0. What is the tens digit of o?
0
Let j(c) = c**3 + 25*c**2 - 632*c - 167. What is the units digit of j(-35)?
3
Suppose -2*q - 5*k - 1 = -21, 0 = 3*q - k + 4. Suppose q*p + 4624 = 17*p. What is the hundreds digit of p?
2
Let s(m) = m**2 - 15*m - 5. Let o be s(18). Let b = 47 - o. What is the units digit of (-1)/(107/54 + b)?
4
Suppose -100 = 6*n - 40. Let k(l) = -136*l - 109. What is the thousands digit of k(n)?
1
Suppose -94 = -3*k + 254. Let r(h) = -17*h**2 + 90*h - 3. Let o be r(5). Let m = k + o. What is the hundreds digit of m?
1
Let d = -72724 + 107622. What is the thousands digit of d?
4
Let g = 97 + -94. Suppose 2*z - 2*p + 12 = 0, z - g = -5*p + 3. What is the tens digit of 2/z*-2*(-1 + 93)?
9
Suppose -3*h + 2*h - 1 = 0. Let c be (0 - 1*h)*(-34 + 38). Suppose 3*f + 267 = 3*o, 3*o + 2*f - c*f = 262. What is the tens digit of o?
8
Suppose -4*r - 2*q + 37796 = 0, 2 = -35*q + 36*q. What is the thousands digit of r?
9
Let l(p) = -p**3 + 63*p**2 - 119*p + 207. What is the tens digit of l(34)?
8
Let d(s) be the third derivative of -s**5/60 - s**4/8 + s**3/3 + 5*s**2. Let x be d(0). What is the tens digit of (13 - -3)*(x + (-1)/2)?
2
Suppose 3*h - 134 = 2*i + 17, -155 = -3*h - 2*i. Suppose 0 = -2*s + 187 + h. Suppose -5*a + d + s = 0, 0 = 5*a + 3*d - 73 - 30. What is the units digit of a?
3
What is the thousands digit of -25 + (-302175)/(-9) + -6?
3
Let y(h) = 716*h + 2170. What is the units digit of y(21)?
6
Suppose 22*a = 26*a - 176. Let x = -27 - -8. Let y = a + x. What is the units digit of y?
5
Suppose 34*a - 835551 - 157929 = 0. What is the ten thousands digit of a?
2
Let o = 28188 + -12922. What is the thousands digit of o?
5
Suppose 0 = x - 4, 2*h - 1158 = 4*x - 0*x. Suppose -13*j + h = -7902. What is the units digit of j?
3
Let x(o) = 9*o**3 + o**2 - 195*o - 21. What is the thousands digit of x(14)?
2
Let z be (-16 - -1 - 24/(-16))*-54. Suppose -4*a + 0*a = -v + z, 3*v - 3*a = 2178. What is the tens digit of v?
2
Let k = -142 + 49. Let x(s) = -24*s**2 - 5*s - 24. Let p be x(0). Let a = p - k. What is the tens digit of a?
6
Suppose -2*v + b = 2*b - 2125, 0 = -2*v - 4*b + 2110. Suppose 0 = 4*n - v - 479. What is the units digit of n?
6
What is the units digit of (-1)/(6/33198)*(-1 + 6 - 6)?
3
Let c be 14 + 6/(12/(-14)). Suppose -c*h = h - 7104. What is the tens digit of h?
8
What is the tens digit of 339/(((-2)/130)/(486/45 - 11))?
0
Suppose 618935 + 110605 = -44*f + 59*f. What is the hundreds digit of f?
6
Suppose 5*y = -0*y + 460. Suppose -4*s - 30 = -50. Suppose -s*x = -x - y. What is the tens digit of x?
2
Suppose 2*i = -100*n + 102*n - 43368, 0 = -5*n + 2*i + 108432. What is the tens digit of n?
8
Let j(f) = 15*f**2 + 38*f - 196. What is the hundreds digit of j(20)?
5
Let j = -1147 + 612. Let o = 799 + j. Suppose -67 = -z + 5*i, -2*i + 21 = -5*z + o. What is the units digit of z?
7
Suppose -262*i + 449236 = -2165786. What is the hundreds digit of i?
9
Let p(v) = -15 - 8 + 8*v**2 + v**2 + 7 - v. What is the tens digit of p(5)?
0
Suppose 2*r - 619 - 2847 = 0. Let s be 7 + (171074/345 - (-4)/30). Suppose -r = -6*o - s. What is the hundreds digit of o?
2
Suppose -5*u + 9368 = -n - 471, 5*u = 6*n + 9809. What is the thousands digit of u?
1
Let u = 4341 - -2770. What is the hundreds digit of u?
1
Let c be 7*(0 - (-5)/5). Let o(y) = 8 - 7 + y**3 + c*y**2 + 2*y - 2*y**3. What is the tens digit of o(6)?
4
Suppose -295*d + 8925104 = 12*d. What is the tens digit of d?
7
Suppose 4*g + 16*z - 100 = 12*z, 0 = -4*g - 3*z + 100. Suppose -g*v = -60*v + 55440. What is the units digit of v?
4
Suppose -q - 6*q + 0*q = 0. Suppose q*u - 3*u + 5*d + 586 = 0, 3*u = -5*d + 596. Let y = u - -3. What is the units digit of y?
0
Suppose 12044 = -3*f + 7*f - 2*v, -f - 3*v + 2997 = 0. What is the units digit of 12/(-42) + (f/(-21))/(-1)?
3
Let c = 40 + -76. Suppose 0 = u - 5*p - 107, 5*u + 4*p = 4*u + 116. What is the hundreds digit of u - (c/(-27))/((-8)/(-18))?
1
Let v be (-5)/(-1)*(-66)/55. What is the hundreds digit of (-38)/6 - v - 1982/(-6)?
3
What is the tens digit of (-227916)/(-15) - 3/(-5)?
9
Let v = -1 - -1. Let x(r) = 3*r**2 + 10*r + 7. Let h be x(-3). Suppose h*j - 49 + 1 = v. What is the tens digit of j?
1
Let w(m) = 11*m**2 - 8*m + 11. Let t be w(-8). Let h = t - -69. What is the hundreds digit of h?
8
Suppose 2311237 + 1008457 = 59*l. What is the hundreds digit of l?
2
Let p = 821 - -1825. Suppose -999 = 3*n - p. What is the units digit of n?
9
Let w be (-17)/((-51)/(-2)) - 2/(-3). Suppose -3*n = 4*o - 1479, w*o = -2*o - 5*n + 757. What is the tens digit of o?
6
Suppose -3*a - 4*w - 266 = 0, -2*w - 262 = 3*a - 0*w. Let g = 128 + a. What is the units digit of g?
2
Let u(l) = 228*l - 277. What is the units digit of u(22)?
9
Suppose -3*t + i = -101517, -6*i = -6*t - 3*i + 203043. What is the thousands digit of t?
3
Let w be 7/(-14)*(-8 + -2). Let n(o) = 3*o - 5 + w*o + o. What is the units digit of n(3)?
2
Let v = -5648 + 12299. What is the hundreds digit of v?
6
Suppose -454611 = 228*m - 1165885 - 551618. What is the tens digit of m?
3
Let f(r) = -11*r**3 - r**2 - 4*r - 4. Let p be 6*(1 + 13/(-2)). Let b = p - -31. What is the tens digit of f(b)?
8
Let v = 816 - 807. Suppose -v*a = 692 - 1952. What is the hundreds digit of a?
1
Suppose 70*g - 112*g = -59*g + 517123. What is the units digit of g?
9
Suppose -212760 = -26*l - 46*l. What is the thousands digit of l?
2
What is the units digit of 4640 + -6*(-1)/(-2) - -7?
4
Let d be (-70 - -7)*(66/(-14) - -3). Suppose 3*p = -5*t - 74, p - t = 4*p + 70. Let r = d + p. What is the tens digit of r?
8
Let i(d) be the third derivative of d**5/60 + d**4/24 - d**3/6 - 11*d**2. Let y be i(0). What is the tens digit of y + 4 - -92 - (0 - 3)?
9
Let p(k) = 88*k + 2533. What is the units digit of p(17)?
9
What is the units digit of 5480/6*(201/8 + (-6)/(-16))?
0
Suppose -3*v + 6 + 3 = 3*s, 3*s = 0. Let l be 6118/12 + v*1/18. Suppose 0 = -5*t - t + l. What is the tens digit of t?
8
What is the hundreds digit of (1 + 1 - 180096/(-36))*(4 - 1)?
0
Suppose -101 = -a - 41. Suppose -4*s + 4*b = 204, 4*s = -b - b - 210. Let t = s + a. What is the units digit of t?
8
Let y(v) = 24 - v - 7*v + 5*v. Let k(t) = -2*t + 25. Let p(o) = -6*k(o) + 